{"id":325,"date":"2019-12-28T23:49:38","date_gmt":"2019-12-28T20:49:38","guid":{"rendered":"http:\/\/www.matbaacilarodasi.com\/?page_id=325"},"modified":"2020-03-18T19:59:14","modified_gmt":"2020-03-18T16:59:14","slug":"isyeri-acmak-icin-yapilacak-islemler","status":"publish","type":"page","link":"https:\/\/www.matbaacilarodasi.com\/?page_id=325","title":{"rendered":"\u0130\u015eYER\u0130 A\u00c7MAK \u0130\u00c7\u0130N YAPILACAK \u0130\u015eLEMLER"},"content":{"rendered":"\n<p><strong>Esnaf ve Sanatkar Sicil M\u00fcd\u00fcrl\u00fc\u011f\u00fc\u2019nden istenen belgeler<\/strong><\/p>\n\n\n\n<p>1- Ki\u015finin kimlik fotokopisi ,<br>2- 1 adet foto\u011fraf,<br>3- Vergi levhas\u0131n\u0131n fotokopisi veya tutanak (mesle\u011fi belirtilmi\u015f),<br>4- Ki\u015finin kendisi veya vekili (vekilin kimlik fotokopisi).<br>5- Ustal\u0131k belgesi.<\/p>\n\n\n\n<p><strong>\u0130lgili&nbsp; Meslek&nbsp; Odas\u0131ndan&nbsp; \u0130stenen&nbsp; Belgeler<\/strong><\/p>\n\n\n\n<p>1- Vergi&nbsp; dairesine&nbsp;&nbsp; kay\u0131t&nbsp; belgesi<br>2-&nbsp;Foto\u011fraf ( 2 adet )<br>3- N\u00fcfus&nbsp; c\u00fczdan\u0131&nbsp; fotokopisi<br>4 -Sicile kay\u0131t belgesi (Sicil Tasdiknamesi)<br>5- Ki\u015finin kendisi veya vekili (vekilin kimlik fotokopisi).<br>6- Ustal\u0131k belgesi<\/p>\n","protected":false},"excerpt":{"rendered":"<p>Esnaf ve Sanatkar Sicil M\u00fcd\u00fcrl\u00fc\u011f\u00fc\u2019nden istenen belgeler 1- Ki\u015finin kimlik fotokopisi ,2- 1 adet foto\u011fraf,3- Vergi levhas\u0131n\u0131n fotokopisi veya tutanak (mesle\u011fi belirtilmi\u015f),4- Ki\u015finin kendisi veya vekili (vekilin kimlik fotokopisi).5- Ustal\u0131k belgesi. \u0130lgili&nbsp; Meslek&nbsp; Odas\u0131ndan&nbsp; \u0130stenen&nbsp; Belgeler 1- Vergi&nbsp; dairesine&nbsp;&nbsp; kay\u0131t&nbsp; belgesi2-&nbsp;Foto\u011fraf ( 2 adet )3- N\u00fcfus&nbsp; c\u00fczdan\u0131&nbsp; fotokopisi4 -Sicile kay\u0131t belgesi (Sicil Tasdiknamesi)5- Ki\u015finin kendisi&#8230;<\/p>\n","protected":false},"author":1,"featured_media":0,"parent":0,"menu_order":0,"comment_status":"closed","ping_status":"closed","template":"","meta":{"footnotes":""},"class_list":["post-325","page","type-page","status-publish","hentry"],"_links":{"self":[{"href":"https:\/\/www.matbaacilarodasi.com\/index.php?rest_route=\/wp\/v2\/pages\/325","targetHints":{"allow":["GET"]}}],"collection":[{"href":"https:\/\/www.matbaacilarodasi.com\/index.php?rest_route=\/wp\/v2\/pages"}],"about":[{"href":"https:\/\/www.matbaacilarodasi.com\/index.php?rest_route=\/wp\/v2\/types\/page"}],"author":[{"embeddable":true,"href":"https:\/\/www.matbaacilarodasi.com\/index.php?rest_route=\/wp\/v2\/users\/1"}],"replies":[{"embeddable":true,"href":"https:\/\/www.matbaacilarodasi.com\/index.php?rest_route=%2Fwp%2Fv2%2Fcomments&post=325"}],"version-history":[{"count":3,"href":"https:\/\/www.matbaacilarodasi.com\/index.php?rest_route=\/wp\/v2\/pages\/325\/revisions"}],"predecessor-version":[{"id":537,"href":"https:\/\/www.matbaacilarodasi.com\/index.php?rest_route=\/wp\/v2\/pages\/325\/revisions\/537"}],"wp:attachment":[{"href":"https:\/\/www.matbaacilarodasi.com\/index.php?rest_route=%2Fwp%2Fv2%2Fmedia&parent=325"}],"curies":[{"name":"wp","href":"https:\/\/api.w.org\/{rel}","templated":true}]}}