{"id":268,"date":"2019-12-28T23:39:13","date_gmt":"2019-12-28T20:39:13","guid":{"rendered":"http:\/\/www.matbaacilarodasi.com\/?page_id=268"},"modified":"2020-03-18T19:57:34","modified_gmt":"2020-03-18T16:57:34","slug":"tarihcemiz","status":"publish","type":"page","link":"https:\/\/www.matbaacilarodasi.com\/?page_id=268","title":{"rendered":"TAR\u0130H\u00c7EM\u0130Z"},"content":{"rendered":"\n<p><strong>\u0130ZM\u0130R MATBAACILAR ESNAF ve SANATKARLAR ODASI (1965)<\/strong><\/p>\n\n\n\n<p>Mesleki kurulu\u015fumuz, 26.08.1965 tarihinde;<\/p>\n\n\n\n<p>1-&nbsp;&nbsp;&nbsp;&nbsp;&nbsp;&nbsp; \u015eakir Turhan TURGUL<br>\n2-&nbsp;&nbsp;&nbsp;&nbsp;&nbsp;&nbsp; Zekai ARSOY<br>\n3-&nbsp;&nbsp;&nbsp;&nbsp;&nbsp;&nbsp; Merih Ziya BA\u015eARAN<br>\n4-&nbsp;&nbsp;&nbsp;&nbsp;&nbsp;&nbsp; Mustafa U\u00c7ARO\u011eLU<br>\n5-&nbsp;&nbsp;&nbsp;&nbsp;&nbsp;&nbsp; Seyfettin N\u0130L\u0130SOY\u2019 dan olu\u015fan<\/p>\n\n\n\n<p>5 kurucu meslekta\u015f\u0131m\u0131z\u0131n giri\u015fimi ile, 507 yasaya g\u00f6re\nhaz\u0131rlanan Esnaf ve K\u00fc\u00e7\u00fck Sanatkarlar Dernekleri Stat\u00fcs\u00fc\u2019n\u00fcn ilgili haneleri\ndoldurulup taraflar\u0131nca imza alt\u0131na al\u0131nd\u0131ktan sonra Stat\u00fc\u2019y\u00fc Ticaret\nBakanl\u0131\u011f\u0131\u2019na tevdi etmi\u015flerdir.<br>\nStat\u00fc, Ticaret Bakanl\u0131\u011f\u0131\u2019n\u0131n 06.09.1965 tarih &nbsp;ve &nbsp;4-14839 say\u0131l\u0131\nonay\u0131 ile dernek, t\u00fczel ki\u015fili\u011fini kazanm\u0131\u015f ve yasal m\u00fcddeti i\u00e7inde de genel\nkurulu toplayarak ilk olu\u015fan y\u00f6netim kurulunda&nbsp;&nbsp;&nbsp;\nmatbaac\u0131&nbsp;meslekta\u015flar\u0131ndan Enver ULU\u00c7AY\u2019 \u0131 Y\u00f6netim Kurulu Ba\u015fkanl\u0131\u011f\u0131\u2019na\ngetirmi\u015flerdir.<\/p>\n\n\n\n<p>Derne\u011fimiz, di\u011fer siyasi ama\u00e7la kurulu derneklerin anar\u015fik\ndavran\u0131\u015flar\u0131ndan duydu\u011fu rahats\u0131zl\u0131\u011f\u0131 ilgili makamlara ileterek kamu\nniteli\u011findeki derneklerin meslek odalar\u0131na d\u00f6n\u00fc\u015fmesine \u00f6nderlik etmi\u015f, netice\nolarak 507 say\u0131l\u0131 kanunun baz\u0131 maddelerini de\u011fi\u015ftiren 3741 say\u0131l\u0131 yasayla\ndernek deyimi \u2018\u2018oda\u2019\u2019 olarak de\u011fi\u015ftirilmi\u015ftir.<\/p>\n\n\n\n<p>Mesleki kurulu\u015fumuzun t\u00fczel ki\u015fili\u011fini kazanmas\u0131ndan bu yana\nY\u00f6netim Kurulu Ba\u015fkanlar\u0131m\u0131z s\u0131ras\u0131yla;<br>\nEnver ULU\u00c7AY<br>\n\u015eakir Turhan TURGUL<br>\nMerih Ziya BA\u015eARAN<br>\nMehmet Ali ERGEN<br>\nB\u00fclent \u00d6ZKANER<br>\nAhmet TANIK<br>\nH. Ceyhun GE\u00c7TAN<br>\n30.11.2005 tarihinde yap\u0131lan Genel Kurul toplant\u0131s\u0131nda yeniden Oda\nBa\u015fkanl\u0131\u011f\u0131\u2019na se\u00e7ilen Ahmet TANIK 05.09.2006 tarihinde sa\u011fl\u0131k nedeniyle\ng\u00f6revini b\u0131rakmas\u0131ndan sonra Y\u00f6netim Kurulu 07.09.2007 tarihli Y\u00f6netim Kurulu\nToplant\u0131s\u0131nda Ana s\u00f6zle\u015fmemizin 14. maddesi gere\u011fi kendi aralar\u0131ndan H.Ceyhun\nGE\u00c7TAN<br>\nBa\u015fkan olarak se\u00e7ilmi\u015ftir.<\/p>\n","protected":false},"excerpt":{"rendered":"<p>\u0130ZM\u0130R MATBAACILAR ESNAF ve SANATKARLAR ODASI (1965) Mesleki kurulu\u015fumuz, 26.08.1965 tarihinde; 1-&nbsp;&nbsp;&nbsp;&nbsp;&nbsp;&nbsp; \u015eakir Turhan TURGUL 2-&nbsp;&nbsp;&nbsp;&nbsp;&nbsp;&nbsp; Zekai ARSOY 3-&nbsp;&nbsp;&nbsp;&nbsp;&nbsp;&nbsp; Merih Ziya BA\u015eARAN 4-&nbsp;&nbsp;&nbsp;&nbsp;&nbsp;&nbsp; Mustafa U\u00c7ARO\u011eLU 5-&nbsp;&nbsp;&nbsp;&nbsp;&nbsp;&nbsp; Seyfettin N\u0130L\u0130SOY\u2019 dan olu\u015fan 5 kurucu meslekta\u015f\u0131m\u0131z\u0131n giri\u015fimi ile, 507 yasaya g\u00f6re haz\u0131rlanan Esnaf ve K\u00fc\u00e7\u00fck Sanatkarlar Dernekleri Stat\u00fcs\u00fc\u2019n\u00fcn ilgili haneleri doldurulup taraflar\u0131nca imza alt\u0131na al\u0131nd\u0131ktan sonra Stat\u00fc\u2019y\u00fc Ticaret&#8230;<\/p>\n","protected":false},"author":1,"featured_media":0,"parent":0,"menu_order":0,"comment_status":"closed","ping_status":"closed","template":"","meta":{"footnotes":""},"class_list":["post-268","page","type-page","status-publish","hentry"],"_links":{"self":[{"href":"https:\/\/www.matbaacilarodasi.com\/index.php?rest_route=\/wp\/v2\/pages\/268","targetHints":{"allow":["GET"]}}],"collection":[{"href":"https:\/\/www.matbaacilarodasi.com\/index.php?rest_route=\/wp\/v2\/pages"}],"about":[{"href":"https:\/\/www.matbaacilarodasi.com\/index.php?rest_route=\/wp\/v2\/types\/page"}],"author":[{"embeddable":true,"href":"https:\/\/www.matbaacilarodasi.com\/index.php?rest_route=\/wp\/v2\/users\/1"}],"replies":[{"embeddable":true,"href":"https:\/\/www.matbaacilarodasi.com\/index.php?rest_route=%2Fwp%2Fv2%2Fcomments&post=268"}],"version-history":[{"count":2,"href":"https:\/\/www.matbaacilarodasi.com\/index.php?rest_route=\/wp\/v2\/pages\/268\/revisions"}],"predecessor-version":[{"id":535,"href":"https:\/\/www.matbaacilarodasi.com\/index.php?rest_route=\/wp\/v2\/pages\/268\/revisions\/535"}],"wp:attachment":[{"href":"https:\/\/www.matbaacilarodasi.com\/index.php?rest_route=%2Fwp%2Fv2%2Fmedia&parent=268"}],"curies":[{"name":"wp","href":"https:\/\/api.w.org\/{rel}","templated":true}]}}